alculate the greatest common factor of 333 and 72.
9
Calculate the greatest common divisor of 7 and 7.
7
Calculate the greatest common factor of 1320 and 44.
44
Calculate the greatest common factor of 309 and 3.
3
What is the greatest common factor of 116 and 174?
58
Calculate the highest common divisor of 13 and 3627.
13
What is the greatest common factor of 3843 and 567?
63
Calculate the greatest common divisor of 515 and 2369.
103
What is the highest common divisor of 24 and 180?
12
Calculate the greatest common factor of 38 and 4446.
38
What is the greatest common factor of 368 and 12696?
184
Calculate the greatest common factor of 572 and 176.
44
What is the highest common divisor of 155 and 2604?
31
Calculate the highest common divisor of 84 and 56.
28
Calculate the highest common factor of 13 and 50947.
13
Calculate the greatest common factor of 260 and 100.
20
Calculate the highest common factor of 56 and 1841.
7
What is the highest common divisor of 218 and 76191?
109
What is the greatest common factor of 6090 and 90?
30
Calculate the highest common factor of 17050 and 93.
31
Calculate the greatest common factor of 732 and 108.
12
Calculate the greatest common divisor of 18 and 42.
6
What is the highest common factor of 164 and 10004?
164
What is the greatest common divisor of 175 and 140?
35
What is the highest common divisor of 24 and 88?
8
Calculate the greatest common divisor of 56 and 77.
7
Calculate the highest common divisor of 10056 and 24.
24
Calculate the highest common factor of 1279 and 3.
1
Calculate the greatest common factor of 52 and 1248.
52
What is the greatest common divisor of 20 and 1828?
4
Calculate the greatest common divisor of 737 and 385.
11
Calculate the greatest common divisor of 12 and 2532.
12
What is the greatest common divisor of 47 and 7567?
47
Calculate the highest common factor of 297 and 11.
11
Calculate the greatest common factor of 7368 and 24.
24
Calculate the highest common divisor of 182 and 247.
13
Calculate the greatest common factor of 1081 and 92.
23
What is the highest common divisor of 522 and 36?
18
What is the highest common divisor of 5874 and 132?
66
Calculate the greatest common divisor of 73 and 1971.
73
Calculate the highest common divisor of 3916 and 88.
44
What is the highest common divisor of 3111 and 102?
51
What is the greatest common divisor of 54 and 10044?
54
What is the highest common divisor of 230 and 4025?
115
What is the highest common factor of 1848 and 7?
7
What is the greatest common divisor of 1074 and 6?
6
Calculate the highest common factor of 170 and 420.
10
What is the greatest common divisor of 3234 and 396?
66
Calculate the highest common factor of 336 and 144.
48
Calculate the greatest common divisor of 310 and 31.
31
What is the greatest common divisor of 558 and 21?
3
Calculate the highest common divisor of 790 and 50.
10
Calculate the highest common factor of 632 and 17222.
158
Calculate the greatest common divisor of 12 and 372.
12
Calculate the greatest common divisor of 1804 and 66.
22
Calculate the greatest common divisor of 16009 and 7.
7
Calculate the highest common factor of 3575 and 50.
25
What is the greatest common divisor of 2883 and 465?
93
Calculate the highest common divisor of 5022 and 62.
62
Calculate the highest common factor of 2201 and 31.
31
Calculate the highest common factor of 34 and 12206.
34
Calculate the highest common divisor of 56 and 40.
8
What is the greatest common factor of 520 and 104?
104
What is the highest common divisor of 442 and 78?
26
Calculate the highest common divisor of 12 and 3378.
6
What is the greatest common factor of 7764 and 36?
12
Calculate the highest common divisor of 2205 and 36.
9
What is the greatest common divisor of 11 and 1837?
11
What is the highest common divisor of 40 and 10?
10
Calculate the highest common factor of 6 and 39.
3
Calculate the highest common factor of 14342 and 284.
142
What is the greatest common factor of 129 and 10449?
129
Calculate the highest common factor of 120 and 190.
10
What is the greatest common divisor of 333 and 171?
9
What is the highest common divisor of 1000 and 15?
5
What is the highest common factor of 6520 and 40?
40
Calculate the greatest common factor of 218 and 2507.
109
Calculate the highest common factor of 24 and 72.
24
What is the greatest common factor of 50 and 11800?
50
Calculate the highest common factor of 7742 and 158.
158
What is the highest common divisor of 1 and 137?
1
What is the highest common factor of 91 and 5642?
91
Calculate the greatest common divisor of 234 and 273.
39
What is the greatest common divisor of 402 and 18023?
67
Calculate the highest common divisor of 4 and 92.
4
Calculate the greatest common factor of 142 and 5183.
71
What is the greatest common factor of 228 and 14592?
228
Calculate the highest common factor of 15 and 235.
5
What is the greatest common factor of 92064 and 28?
28
Calculate the greatest common divisor of 2900 and 1392.
116
What is the highest common divisor of 442 and 170?
34
Calculate the greatest common divisor of 230 and 90.
10
Calculate the highest common divisor of 54 and 1422.
18
What is the highest common divisor of 2385 and 45?
45
What is the greatest common divisor of 702 and 3744?
234
Calculate the greatest common divisor of 252 and 196.
28
Calculate the greatest common divisor of 1270 and 30.
10
What is the highest common divisor of 88 and 6?
2
Calculate the highest common factor of 41 and 2624.
41
Calculate the greatest common factor of 75 and 11325.
75
What is the highest common factor of 6 and 498?
6
Calculate the greatest common divisor of 372 and 36.
12
What is the greatest common divisor of 36 and 81?
9
Calculate the highest common factor of 7 and 17794.
7
Calculate the highest common divisor of 2183 and 851.
37
What is the highest common divisor of 2 and 562?
2
What is the greatest common factor of 33 and 7722?
33
Calculate the highest common divisor of 10 and 4.
2
What is the highest common factor of 522 and 2001?
87
What is the highest common factor of 1078 and 242?
22
Calculate the highest common divisor of 150 and 1360.
10
Calculate the greatest common divisor of 969 and 544.
17
Calculate the greatest common factor of 2222 and 22.
22
What is the greatest common factor of 76 and 304?
76
What is the highest common divisor of 102 and 2244?
102
Calculate the greatest common factor of 77 and 308.
77
What is the greatest common divisor of 4856 and 64?
8
What is the greatest common factor of 1932 and 168?
84
Calculate the highest common factor of 30 and 96.
6
What is the highest common divisor of 5 and 445?
5
Calculate the greatest common divisor of 301 and 172.
43
What is the greatest common factor of 35 and 560?
35
What is the greatest common divisor of 2997 and 74?
37
Calculate the greatest common factor of 46 and 2254.
46
Calculate the highest common divisor of 888 and 1702.
74
What is the greatest common factor of 23 and 851?
23
Calculate the highest common factor of 98 and 1225.
49
What is the greatest common factor of 31712 and 32?
32
Calculate the greatest common divisor of 125 and 150.
25
What is the highest common factor of 9555 and 98?
49
What is the greatest common factor of 20 and 16?
4
Calculate the highest common factor of 16 and 44.
4
What is the greatest common factor of 429 and 132?
33
Calculate the highest common divisor of 12 and 20124.
12
What is the highest common divisor of 1508 and 1044?
116
Calculate the greatest common factor of 1799 and 217.
7
What is the greatest common factor of 135 and 12?
3
Calculate the highest common divisor of 100 and 36.
4
What is the greatest common divisor of 1 and 128?
1
What is the greatest common factor of 14 and 1596?
14
Calculate the highest common factor of 18777 and 99.
33
What is the greatest common divisor of 972 and 12798?
162
What is the greatest common factor of 17260 and 20?
20
What is the highest common factor of 15 and 69?
3
Calculate the greatest common divisor of 16 and 952.
8
Calculate the greatest common factor of 30 and 490.
10
What is the greatest common divisor of 24 and 84?
12
What is the highest common factor of 23 and 1357?
23
What is the highest common factor of 14 and 10?
2
What is the highest common divis